- (-3 - (-5 - (3 - 8)))?
4
Evaluate -17 - (14 + -32 - -10).
-9
Evaluate (-1 - (0 + 1)) + 5 - (37 - 22).
-12
What is the value of -15 - -33 - 28 - (2 - 3)?
-9
What is the value of 11 - (-20 - -21) - 19?
-9
0 + 14 + 5 + (3 - 7)
15
What is 1 - (0 + -6 + 35 + -30)?
2
What is 2 + (23 - 23) - -3?
5
11 + 7 + (-5 - -7) + (0 - 4)
16
Evaluate (-6 - (-22 - -37)) + 30.
9
6 - (1 + -1) - (-26 - (17 - 46))
3
Evaluate (-47 + 24 - -18) + (9 - (-2 - -1)).
5
Evaluate -1 + 3 + 2 + -6 + -8.
-10
Evaluate (17 - (-15 + 40)) + 2 + -1.
-7
Evaluate -24 + 23 + 0 + (7 - (-6 - -2)).
10
Evaluate 8 - (2 - 12) - 8.
10
What is 11 + (4 - (-2 + 5) - (-34 + 34))?
12
17 - (25 - (-6 - -21))
7
-20 - (-22 - (12 - 40))
-26
Calculate -665 + 696 + (-3 - 17).
11
Evaluate (-2 - (19 - 6)) + 8 + -7.
-14
Calculate (25 - 37) + 14 + 2.
4
Calculate -4 + 2 - (110 - 110).
-2
What is the value of -1 - 27 - (0 + (-16 - (-16 + 9)))?
-19
Calculate 0 + 3 + (-9 - (-18 + -11) - 17).
6
Evaluate -12 + -1 - (157 - 160) - -13.
3
Calculate 0 + -4 + 7 + (-4 - 13) + 4.
-10
Calculate -11 - (11 - (1 + (-5 - (-11 + 0)))).
-15
Evaluate -1 + (-11 + 0 - 12) + 12.
-12
What is the value of 6 + -6 + (-2 - (-2 - -8)) + 5?
-3
Evaluate (6 - 14) + 6 + -4 - (-9 + -18).
21
What is -1 + (-2 - -5) + 2 + 8834 + -8835?
3
Calculate -5 - (-10 + 6 - -2) - (18 + -21).
0
What is the value of -3 - (4 + -2) - (10 + -20 + 21)?
-16
Evaluate -43 + 18 + (9 - -4 - 4).
-16
16 + -3 + -2 + 1 + 3
15
What is the value of 3 - ((-15 - -1) + 66 + -65)?
16
What is the value of -4 + 2 + 0 + -5 + 11 + -30?
-26
What is the value of -184 + 174 - (4 - ((6 - 3) + -5))?
-16
(11 + 11 - 44) + 28 + -12 + -1
-7
Calculate (-11 + -2 - (-21 + 17)) + (-11 - -17).
-3
Calculate 14 + -3 + (-20 - (28 + -28)).
-9
Calculate (5 - -1) + (-16 + -22 - -54).
22
Calculate 7 - -19 - 13 - (-9 + -6).
28
What is (-8 + -1 - -2) + 6 - -14?
13
Calculate 1 - (-9 - (-16 + -4 - -2)).
-8
Calculate -13 + (0 - (3 + 1 - 9) - -4).
-4
Calculate 15 - -4 - (-24 - -10 - (-12 - 1)).
20
What is -1 + -2 + 4 - (-128 - -123) - -7?
13
What is the value of 4 - (-5 + (0 - (-21 + -1)) + -2)?
-11
What is the value of 10 - (19 + 21 + -15 + 8)?
-23
What is the value of -16 + 9 - (-11 + -1) - 8?
-3
Calculate -35 + (31 - -10) + 23.
29
What is 2 - (54 - 27) - -2?
-23
What is (34 - (-4 + 1 - (16 - 27))) + -8?
18
(110 - 131) + (4 - 1)
-18
Calculate (-7 + 3 - -7) + (1 - (2 - 6)).
8
Evaluate 9 - (11 + 9 - -6).
-17
What is the value of (6 - (-7 + 0 + 2) - 2) + -15?
-6
(-2 - 6) + -57 + 78
13
(0 - (3 - -7) - (-2 + -2)) + -5
-11
Evaluate -7 + -3 + (2 + -5 - -20).
7
What is 9 + -23 + -4 + 9?
-9
What is (-33 - -42) + (-2 - (1 + 4 + 17))?
-15
What is the value of (26 - 40) + (-1 - -19)?
4
Evaluate -108 + 111 + (2 - 12).
-7
What is the value of (-122 - -160) + (-2 - 17) + -39?
-20
What is -1 + (-13 - -28) - 15 - (-11 + -1)?
11
What is -4 - (6 - (-8 + (-8 - -18))) - 10?
-18
Evaluate -2 + (13 - -2) - (-7 + 7 + -5).
18
What is (12 - (-8 - -27)) + 3 + 2 + -3?
-5
Calculate -9 - (7 - 1 - (1 - -12)) - 14.
-16
Calculate -34 - -22 - (3 + -11).
-4
Evaluate 0 + (-20 - ((9 - (1 - 6)) + -7)).
-27
-15 - 37 - -33 - -40
21
Calculate -27 - -4 - -25 - (-17 + 5).
14
What is 2 + -2 + -7 + (7 - 4 - -3)?
-1
Calculate 3 - (23 - (-10 - -40)).
10
Calculate 10 - (-9 + (9 - -7)) - (-9 - 0).
12
What is the value of (23 - 7) + 3 - 8?
11
What is the value of (13 - (5 + 5)) + -15?
-12
-23 + 34 + (2 - -1) - -20
34
What is 0 - 8 - ((58 - 2) + -58)?
-6
What is 6 - 3 - -11 - (368 + -370)?
16
Calculate -55 + 9 - (-11 - 8).
-27
-4 + (-6 - 13 - -26)
3
What is 0 - 13 - (-51 - (-3 + -34))?
1
Evaluate 0 - 0 - -4 - (44 + -39).
-1
-17 + (-4 - (-12 + -4))
-5
What is the value of (-16 + 6 + 8 - -3) + 0 + -15?
-14
What is (0 - (4 - 13)) + -7 - -5 - 31?
-24
Evaluate (4 - (2 + -17)) + (8 - 0) + -13.
14
What is -31 + 26 - ((4 - 3) + -10) - 34?
-30
What is -6 - 1 - (-2 - 3 - (-60 + 66))?
4
What is the value of -27 + (-1 - (-23 + 6 - -10) - 8)?
-29
Calculate 6 + 2 + -3 - -7.
12
What is the value of -1420 + 1438 - ((-13 - -2) + -2)?
31
What is -3 + 0 + -5 + (3 - -4)?
-1
0 + 6 - (43 - 39) - (1 + 3)
-2
What is the value of 4 + -5 + 9 + -7 + -2?
-1
Calculate 16 + -2 + -4 - (-4 + (-2 - -7)).
9
Evaluate -19 - (26 + -44 + 0).
-1
What is -2 - (-10 + 2 + (3 + 4 - 2))?
1
What is (-3 - 0) + (-13 - 2 - -17) - -10?
9
(-37 - -6) + 21 - -3
-7
Evaluate (3 - (-29 + 8)) + -20.
4
What is 25 + (10 - 44) + -12?
-21
What is 4 + (6 - 2) + -37 + 26?
-3
Evaluate 0 + -3 + 6 - ((20 - 11) + 1).
-7
Calculate (4 - (-10 - -11)) + (-10 - -3).
-4
Calculate 1 + (9 - (-2 - -14 - -9)).
-11
Calculate (7 - (-1 + -2)) + (-2 - 5).
3
(-7 - (-6 + 16)) + 13 - (0 + 0)
-4
Evaluate 12 + -12 + -7 - -21.
14
-45 + 60 + (1 + 0 - 42)
-26
Calculate 3 - (-11 + (-3 - -8) + -1 - -18).
-8
0 + -16 + 18 + -13
-11
Evaluate -16 + 32 - 15 - 2.
-1
What is 12 - (10 - -8) - (0 + -10)?
4
Evaluate (-3 - -10 - 11) + -1 + (2 - -4).
1
What is 12 - (-16 - (10 - 67))?
-29
Evaluate -99 + 90 - (4 + (-24 - (6 + -2))).
15
Evaluate -2 - (6 - 1) - (-23 + 36).
-20
(1 - (11 - 10)) + 6 - 11
-5
Calculate 6 + 7 + -6 + (1 - (6 - 7)).
9
Calculate 29 + -102 + 46 - 8.
-35
12 - (-4 - -4 - -1) - (-5 + -4)
20
Evaluate -2 + 16 + 4 - (35 + 10).
-27
What is the value of -7 + 5 + (7 + 7 - 6)?
6
9 - -10 - -5 - (10 + -1)
15
Evaluate (0 - (0 + 0)) + (182 - 186).
-4
What is the value of (2 - -19) + (4 - (32 + -32))?
25
What is -6 + -10 - ((-9 - 0) + -32)?
25
6 + 1 + -12 + -7
-12
Calculate 8 + (-25 - -7) + 8.
-2
What is the value of -8 + (22 - -1) + (2 - 2)?
15
(22 - 21) + -11 + 26
16
Calculate 0 + 0 + -1 + 5 + 3 + -5.
2
Calculate (-31 - -27) + 4 + 1 + -25.
-24
What is 32 + -41 - (-20 - (2 + (5 - 11)))?
7
What is 0 + -29 + 0 + 18?
-11
Calculate -20 + 17 - (6 + -10 + 9).
-8
Calculate (24 - 17) + (0 - 1 - (-4 + 18)).
-8
Calculate 28 + 1 + -258 + 246.
17
What is (3 - (-45 - -12)) + -9?
27
What is the value of 0 + 6 + (-11 + 0 - 3 - -5)?
-3
Calculate 7 - -1 - ((6 - 5) + 1 - 0).
6
Evaluate (-33 + 17 - (0 + 7)) + (-7 - -10).
-20
What is (1 - -1) + 0 + (-28 - -13) + 10?
-3
-14 - (2 - 7 - (-22 - -14)) - -1
-16
What is the value of -4 + (2 - 15) + -2 + -6 + 14?
-11
Calculate (4 - 3 - -8) + -20.
-11
Calculate -6 + 1 + -13 + 9 + 15.
6
Evaluate -1 - (5 + 1 - (265 - 255)).
3
-29 - (-22 - -54 - 62)
1
Evaluate (2 + -1 - 3) + (23 - 13) + -40.
-32
Calculate 14 + -13 + 12 + -22.
-9
-1 - (-33 + -1 + (6 - 11 - -8))
30
What is 22 + -75 + 49 + 1 + 23?
20
-3 - (4 - (5 + 7 + -12))
-7
Evaluate -6 - ((-9 - (2 - 2)) + 48 + -44).
-1
What is the value of 10 + -6 + -35 - -10?
-21
What is 23 - (0 - (-4 + 22) - -32)?
9
Evaluate (-27 - -44) + -52 - -23.
-12
Evaluate -7 - (21 + -3 - 71 - -18).
28
(-20 + 3 - -10 - -11) + 2 + -4
2
What is (-36 - -12) + -7 - -45?
14
What is the value of 4 + (2 - -5) - 9 - 4?
-2
Evaluate (2684 - 2670) + 0 + 5 + 1.
20
Calculate -13 - (-7 - (-30 + 24)).
-12
Calculate (9 - 1) + (-5 - (-22 - (-8 - 12))).
5
What is (14 - -1) + 1 + -9 - 16?
-9
Evaluate -59 - -15 - ((-2 - -14) + -28).
-28
Evaluate 2 - (27 + 0 + -9 + -1) - -7.
-8
What is -10 + (-13 - -30) + -6?
1
Evaluate 30 - (3 - -30) - (-10 - (0 + 2)).
9
-1 + 5 - 14 - (-1 + 5) - 1
-15
Calculate 7 + (-12 + 27 - 39).
-17
What is the value of -6 + 1 + 4 + -1 - (8 - 0)?
-10
What is the value of 36 + -59 - (-21 + 7)?
-9
Evaluate 0 + 3 + 1 + (4 - 8).
0
What is 8 - (10 + -3) - 9 - -4 - -1?
-3
Calculate -1 - (1 - 0) - (158 - 163).
3
-11 - ((-1 - 7) + -20 + 27)
-10
What is -1 + 5 + -6 - (34 - (15 + -10))?
-31
What is (12 - 6) + -5 + -11?
-10
What is -34 - 3 - (-7 + -18)?
-12
What is -4 + (18 - 6) + 1 + -5 - 3?
1
Evaluate (1 - 3) + -7 - (5 - (4 - 4)).
-14
Calculate -1 + (0 - 1) + (-1 - -3).
0
What is the value of (9 - -1) + -2 + 1017 + -1017?
8
Calculate -9 - (-9 + 13 - (11 - (11 + 7))).
-20
Evaluate (1 - 0) + (4 - 1) + -7 + -1.
-4
What is the value of 2 + -20 - -2 - (-5 + 4)?
-15
Calculate (3 - 6) + (14 - 16) - -1.
-4
What is -29 - (43 + -32) - -22?
-18
What is the value of (-16 - 12) + 2 - -8?
-18
What is (-10 - (-3 - 1)) + 18?
12
263 + -237 + -5 + -4 + -2
15
What is 1009 + -1012 - (-16 + 1)?
12
What is 16 + (6 - 6 - (3 + -15))?
28
What is (6 - ((1 - 4) + 6)) + -5 - -7?
5
-2 + (8 + -6 - 3) - (4 - 16)
9
3 + 17 + -12 + -6
2
Calculate 9 + -13 + 0 + -8.
-12
Calculate (-7 - (4 - (12 - -4))) + 2 + 2.
9
Calculate 153 + -142 + -1 + 9.
1